f -97 - -173 - 95 - (-95 - 2)?
78
Calculate (-6 - ((71 - 81) + 7 + 2)) + -81.
-86
What is 14 - (-1 + 6) - -7 - (81 + -88)?
23
What is the value of 10 - -104 - 1 - (-118 - -125 - (0 - -2))?
108
Calculate -58 - (-25 + (-29 - -9)).
-13
What is the value of 38 + -43 - 10 - (-42 + 4 + -4)?
27
Calculate (2157 - 2146) + (1 - 1 - (4 + -12)) - -7.
26
Evaluate -4224 - -4185 - (1 - 47).
7
Evaluate (79 - (-83 + 154)) + -113.
-105
Calculate (-6 - (78 - (-6 - -1))) + 23 + (-24 - -10).
-80
-90 - -11 - -30 - (-60 + 18)
-7
Evaluate (-88 - 23) + 57 + (8 - 0 - 4).
-50
Calculate 7 + -5 + 19 + (218 - 231).
8
What is 146 - 63 - 2 - 39?
42
What is the value of -3 - (-14 - 0) - (41 - 28) - -25?
23
(-1 - 137) + (-58 + 73 - -17)
-106
What is 9 + (21 - ((14 - -6) + 79))?
-69
-7 - (57 - ((8 - (-4 + 10)) + 2))
-60
-17891 + 17895 - (1 + (-17 - 0))
20
Calculate (-3 + -2 - (-23 + 25)) + -63 - (-25 + 13).
-58
What is 204 + -184 - (30 + 1)?
-11
What is -15 + -2 + -3 - (-70 - (1 + -14))?
37
Evaluate (-348 - -291) + 8 + 7.
-42
What is -19 - -27 - 0 - 0 - -19?
27
Evaluate (250 - 264) + (10 - -15).
11
What is the value of -2 + (-6 - -13 - 12) - (-9 - (-3 - -8))?
7
Calculate -30 + (-24 + 19 - -23) + -3 + -16.
-31
What is the value of (13 - (56 - (-46 + 45))) + 7?
-37
What is (-3 - 2) + -5 + 19 + 20 + 11 + 16?
56
Evaluate 15 - (-2 + 73 + (124 - 123) - 8).
-49
Evaluate 89 - 80 - 27 - (-78 - 7).
67
-1071 - -1119 - (-2 + 0 - 100)
150
Calculate -21 + 20 + 12 + (71 - (4 - 3)) - 2.
79
Calculate (64 + (-4 - -9) - 0) + (2 - 1).
70
-21 - -15 - (-10 + -10 + 17 + 16)
-19
Evaluate -37 + -32 + 133 - 23.
41
What is -1484 + 1573 - (-3 + 8 + -2 - -5)?
81
(15 - 1) + (1 + 33 - (-647 + 694))
1
-5 - (41 + -47 - -22)
-21
What is the value of (2 - (16 + -13)) + 11 - -57?
67
Evaluate (30 - (-11 - -115)) + -34.
-108
What is the value of (8 + -6 + -6 - -3) + (-11 - 43)?
-55
-2 - (3 - (130 + -137 + 3 + 137))
128
Evaluate (4 + (-36 - -9) + 14 - -15) + -54.
-48
What is 88 + (106 - 95) + -79?
20
What is the value of 21 - (-121 + 125 + 23 + -1)?
-5
Evaluate (22 - 2) + -14 + 5 - (-3 - -12).
2
Evaluate (-5 - -1 - -2) + ((-9 - -4) + 4 - 5).
-8
-84 - (-71 + -107) - 15
79
Evaluate (-1 - 1) + -4 - (-24 + 20) - (-12 - 31).
41
What is 13 + 4 + 37 + (46 - -6) + -38?
68
What is 15 - (9 - (-39 - -8))?
-25
-36 + 6 + 36 + 8 + -40
-26
Calculate 15 - (-18 + -9 - (20 - 22)).
40
Evaluate -33 + (44 - (-15 + 47)).
-21
What is 14 - (-40 - -57 - -30 - (-2 - -11))?
-24
Evaluate (-88 + 32 - -50) + (-21 - 0).
-27
What is 108 + -77 + (3 - 19) + -110?
-95
-137 + 74 + 72 + -41
-32
What is -57 + 2 - (1353 - 1377)?
-31
Evaluate 2125 - 2154 - (-1 - -25).
-53
Evaluate (-229 + 236 - (2 + 14)) + (1 - -39).
31
Calculate -26 + (-122 - (-62 + 13)).
-99
Calculate 5 - ((2 - -20) + (-8 - 37)).
28
Calculate 54 - ((-102 - 1) + 211).
-54
-26 - ((19 + -17 - -9) + -19)
-18
Evaluate 2 + -3 + 31 + 0 + (-16 - (-74 + 68)).
20
What is -21 + (0 - -51 - (306 + -293))?
17
Evaluate 30 + -189 - -177 - (27 + -2).
-7
What is the value of 37 - (-14 + 1 + 10 + 8) - (-2 - -12)?
22
-91 + 103 + (10 - 10) + (-3 - -1) - 24
-14
Evaluate 73 + -27 + -29 - -21.
38
2 + 60 - (-3 + (4 - ((-6 - 4) + 6)))
57
What is 162 - (168 + -85 - -12)?
67
Evaluate -89 + 119 - 95 - -45.
-20
Calculate ((10 - -4) + -8 + 64 - 11) + -2.
57
What is (55 - -4) + (5 - (26 - (6 + 23)))?
67
What is -54 + (191 - 77 - 58)?
2
What is (2 - 4 - -5) + -10 - (-143 + 155)?
-19
What is the value of 64 + (-19 + 15 - -25)?
85
Calculate 30 - ((-52 + 73 - (1 - -14)) + 3).
21
Evaluate (2 - -2) + (89 - 83) + 1 + -3.
8
Calculate -43 + (24 + (-25 - -16) - 18).
-46
What is -49 - (0 + (3 - 3) + 1)?
-50
Evaluate -27512 + 27516 + (4 - 2) + -110.
-104
What is 54 + (47 - (-40 - -38))?
103
What is the value of -281 - -272 - (-11 - -12)?
-10
5 + -6 + 36 - (575 - 562)
22
(0 - -15) + -18 + -11 + 17 + -13
-10
What is 88 + (-1 - 5) - (-18 + -3 + 34 + -17)?
86
What is the value of -26 - (-69 - (-66 + 72))?
49
What is the value of 7 + -43 + 25 - (-103 + 8) - 1?
83
What is (-69 - -55) + (20 - 4) - (-8 + 3 + -2)?
9
-36 + -33 + 111 - 73 - -55
24
(18 - ((5 - (20 + -9)) + 8)) + 3 - -13
32
What is 6 - (22 - 18 - (-1 + -2)) - -13?
12
-18 - ((-1 - (13 + -6 - 13)) + 8)
-31
What is the value of 83 + (11 + (-3 + 2 - (37 + -32)) - 18)?
70
-33 + 12 + 2 + 21 + 43
45
What is the value of -20 + 1 - (-30 + -46 + 67) - 99?
-109
(-11 + 20 + -2 - -9) + -62 - -8
-38
Calculate 1 + 4 + (1 + -13 + 2 - (135 + -134)).
-6
What is the value of 46 + -37 + -9 + (5 - 32)?
-27
What is -3 + 1 - (137 + (20 - 171))?
12
-123 + 92 + 6 - 70
-95
What is the value of -8 - -13 - (4 - 1 - (-15 - (-18 + -2)))?
7
Calculate -27 - -24 - (-6 + (-5 - 10)).
18
What is 14 + 39 + 23 + -25 + -5 + 0?
46
Evaluate -29 + 10 + (-1 - -14 - -28).
22
Calculate -23 + ((-4 - 0 - -3) + -3 - (-45 - -40)).
-22
Evaluate -132 - (30 + -124) - -186.
148
What is -11 - (2 + 25 + -42)?
4
(17 - -60 - 9) + -10 + 3 + 4 + -4
61
Calculate 8 - (-24 + (-8 - (-12 - 9)) + 50).
-31
(130 - 219) + (-4 - -26)
-67
Evaluate 205 - 191 - (6 - (2 + 0 + -43)).
-33
Evaluate -13 - (5 + -26 + 56 - -27).
-75
Evaluate -32 - (-23 - -93 - (54 - 8)).
-56
What is -23 - (-16 + -39 - -19) - -26?
39
Evaluate -4 - ((10 - (27 + -14 - 4)) + 47 + 19).
-71
9 - (-19 - (1 - 45)) - (-3 - -11)
-24
Evaluate (1 - 65) + (1 - -3 - (4 + -48 + 38)).
-54
What is the value of -18 + 3 + -25 + 25 - (2 - -67 - 3)?
-81
What is the value of 619 - 602 - (12 - (-6 - -1))?
0
What is (51 - 67) + (4 - -2) - (-64 - -2)?
52
Evaluate 35 + (-26 - (-47 - -40) - (-12 + -1)).
29
What is the value of 49 + (10 - (-25 + (43 - -14)))?
27
What is (1 - -7) + -33 + (-14 - -87 - 62)?
-14
What is the value of 27 + (-27 - (7 + 4) - -21)?
10
What is the value of (-1 - 0) + -4 + -348 + 332?
-21
Evaluate 51 - (29 + -4 + -5).
31
What is 20 + -5 - (2 + 3) - -41?
51
Calculate -3030 + 3008 + -1 + 41.
18
Evaluate -2 - ((-1 - -69) + 111 + -124).
-57
Calculate -36 + -2 + -148 + 139.
-47
Calculate -42 + -3 + 71 - (-1 - -5).
22
Calculate -2 + -2 + -2 + (-17 - -22) - 1.
-2
What is 8 + (-40 - (-27 - -39)) + 9?
-35
Evaluate (10 - 14 - -24) + -20 + (-14 - 0).
-14
What is 2 + 3 - (1 - -31 - (-39 + 27 + 15))?
-24
What is -191 - -180 - (-7 + 9 + 0)?
-13
Evaluate -8 - ((21 - 15) + 4 + -31) - 10 - 43.
-40
Evaluate 2761 + -2784 + -5 + 2 + -2 + -2.
-30
What is the value of -2 + (171 - 211 - (2 + -20))?
-24
49 + -57 + 69 + -58
3
Calculate 6 - -5 - (176 - (140 - 72)).
-97
What is the value of -4 + -2 - ((-18 - -6) + -20) - -14?
40
39 + (-6 - -29) + -22 + -18
22
What is the value of -15 - (28 + -60) - ((-15 - -23) + -11)?
20
What is -65 - -55 - (-2 + (4 - 3) + 1 + -124)?
114
Evaluate -143 - (-89 + -18 + 65).
-101
What is the value of -16 - 21 - -57 - (4 - -3) - 15?
-2
Calculate -32 - (-28 - (6 + -8)).
-6
12 - ((31 - -67) + -56)
-30
What is the value of -6 - ((2 + 7 - -58) + -30)?
-43
-17 + (-34 - -19) + (2 - -10) - 27
-47
Calculate (71 - -1 - (-15 - 2)) + -2 - -7.
94
What is (-23 - (-103 + -7)) + 5 + -29?
63
What is 6 - 22 - (23 + -27) - (1 + -11)?
-2
-8 + -4 + (137 - 136) + 1 + 6 + -41
-45
What is the value of 23 - (-16 + -1 + (-3 - -83))?
-40
What is -3 - -5 - -3 - (46 + -38 + -7 + 43)?
-39
Evaluate -32 - 6 - (-883 + 801).
44
(62 - 52) + -61 + 30
-21
What is -53 - (12 + (0 - -12) - 0)?
-77
What is the value of 1 - 18 - (-26 - (2 - (-7 + 23))) - -7?
2
What is 46 - -32 - (20 + 18)?
40
Calculate -137 + 59 + 9 + 36.
-33
Evaluate -7 + (-9 - (-13 - 60)) + -7 + 1 + -3.
48
What is the value of 2 + -3 + -12 + -2 - (2283 - 2295)?
-3
Evaluate -120 + 156 - 140 - (2 - 1).
-105
Evaluate 7 + (-13 - (47 - 44) - (-1 + 26)).
-34
Calculate 6 + (-26 - -11) + 2 + -13 + -12.
-32
What is 13 + (8 - 19) + 16 - -21?
39
50 - (51 + 7 + 70)
-78
-739 + 718 - (5 + (0 - -1))
-27
Evaluate -19 + 2 + -42 + (57 - 11).
-13
5 + -2 + -21 + (-3 - (-28 - -13))
-6
Evaluate -12 + (129 - 62) + -113.
-58
-47 - (-62 - (36 + -13))
38
Evaluate (77 - (89 - -15)) + 76.
49
0 + 37 - ((-3 - 5) + (13 - -17))
15
Evaluate 2 - -6 - (12 - 6) - -4.
6
Calculate 20 - 15 - (-3 + 17 - -2) - (67 - 4).
-74
Calculate -30 - (-81 - (-15 + (-24 - -12))).
24
What is the value of 27 - 36 - (-6 + (-85 - (0 + -3 - 6)))?
73
What is 278 - (-277 - -422) - (-1 - (-2 + -3))?
129
151 + (-43 - 103) - (-1 + 14)
-8
(-41 - -81 - (22 + 111)) + 18
-75
-13 + -130 + -69 + 147
-65
Eva